{"id":266,"date":"2016-08-02T11:09:39","date_gmt":"2016-08-02T11:09:39","guid":{"rendered":"http:\/\/windsor.themerex.net\/?page_id=266"},"modified":"2020-11-30T17:29:16","modified_gmt":"2020-11-30T16:29:16","slug":"about","status":"publish","type":"page","link":"https:\/\/slonecznepoludnie.pl\/?page_id=266","title":{"rendered":"O INWESTYCJI"},"content":{"rendered":"<p>[vc_row][vc_column][vc_empty_space height=&#8221;&#8221; alter_height=&#8221;large&#8221; hide_on_mobile=&#8221;&#8221;]<div  id=\"sc_promo_1503054527\" \n\tclass=\"sc_promo sc_promo_default  vc_custom_1600348745566 sc_promo_size_large sc_promo_no_paddings sc_promo_image_position_right\"><div class=\"sc_promo_image\" style=\"background-image:url(https:\/\/slonecznepoludnie.pl\/wp-content\/uploads\/2020\/09\/Osiedle_-1_czerwona-cegla_1300px.jpg);width:50%;right: 0;\"><\/div><div class=\"sc_promo_text\" style=\"width: 50%;float: left;\">\n\t\t\t<div class=\"sc_promo_text_inner\" style=\"\"><h2 class=\"sc_item_title sc_promo_title sc_align_default sc_item_title_style_default\">DOMY Z TECHNOLOGI\u0104<\/h2><div class=\"sc_item_descr sc_promo_descr sc_align_default\">\u201eS\u0142oneczne Po\u0142udnie\u201d to kameralna inwestycja o niebanalnej architekturze i zaawansowanych technologicznie rozwi\u0105zaniach. Ka\u017cdy z 12 dwukondygnacyjnych dom\u00f3w w zabudowie bli\u017aniaczej, oferuje 170 m\u00b2 komfortowej powierzchni u\u017cytkowej, wraz z przynale\u017cn\u0105 dzia\u0142k\u0105 o powierzchni 375 m\u00b2. Zastosowana technologia gwarantuje mieszka\u0144com oszcz\u0119dno\u015b\u0107 eksploatacji dom\u00f3w poprzez wprowadzenie odnawialnych \u017ar\u00f3de\u0142 energii, z kolei maksymalny komfort u\u017cytkowania mo\u017cliwy jest dzi\u0119ki dost\u0119powi do systemu domu inteligentnego i optymalnej lokalizacji w podmiejskiej, zielonej strefie. Domy dla wymagaj\u0105cych mieszka\u0144c\u00f3w, ceni\u0105cych sobie prywatno\u015b\u0107, spok\u00f3j i cisz\u0119, z jednoczesnym dost\u0119pem do licznych i zr\u00f3\u017cnicowanych teren\u00f3w spacerowych, tras rowerowych, stref rekreacyjnych. A wszystko to w optymalnej komunikacji z miastem.<\/div><\/div>\n\t\t<\/div><!-- \/.sc_promo_text --><\/div><!-- \/.sc_promo -->[vc_empty_space height=&#8221;&#8221; alter_height=&#8221;large&#8221; hide_on_mobile=&#8221;&#8221;][\/vc_column][\/vc_row][vc_row gap=&#8221;20&#8243;][vc_column width=&#8221;1\/4&#8243; css=&#8221;.vc_custom_1599857879945{margin-top: 150px !important;}&#8221;][vc_icon icon_fontawesome=&#8221;icon-star&#8221; color=&#8221;custom&#8221; align=&#8221;center&#8221; custom_color=&#8221;#ed1c24&#8243;][vc_custom_heading text=&#8221;Standard&#8221; font_container=&#8221;tag:p|font_size:25px|text_align:center&#8221; google_fonts=&#8221;font_family:Raleway%3A100%2C200%2C300%2Cregular%2C500%2C600%2C700%2C800%2C900|font_style:600%20bold%20regular%3A600%3Anormal&#8221; css=&#8221;.vc_custom_1599853988776{margin-top: -15px !important;}&#8221;][vc_column_text css=&#8221;.vc_custom_1603103513637{margin-top: -15px !important;}&#8221;]<\/p>\n<p style=\"text-align: center;\">W standardowej ofercie gwarantujemy dost\u0119p do systemu domu inteligentnego BMS (Building Management System), jak r\u00f3wnie\u017c mo\u017cliwo\u015b\u0107 indywidualnego dostosowania go do potrzeb Klienta.<br \/>\nBudynki podzielone s\u0105 r\u00f3wno na <strong>4\u00a0segmenty,\u00a0<\/strong>ka\u017cdy<strong> po oko\u0142o 170 m\u00b2 <\/strong>\u0142\u0105cznej\u00a0powierzchni z gara\u017cem i pomieszczeniem gospodarczym, i dzia\u0142k\u0105 o powierzchni <strong>oko\u0142o\u00a0375 m\u00b2<\/strong>.<\/p>\n<p>[\/vc_column_text][\/vc_column][vc_column width=&#8221;1\/4&#8243;][vc_icon icon_fontawesome=&#8221;icon-spin2&#8243; color=&#8221;custom&#8221; align=&#8221;center&#8221; custom_color=&#8221;#ed1c24&#8243;][vc_custom_heading text=&#8221;Pompy ciep\u0142a&#8221; font_container=&#8221;tag:p|font_size:25px|text_align:center&#8221; google_fonts=&#8221;font_family:Raleway%3A100%2C200%2C300%2Cregular%2C500%2C600%2C700%2C800%2C900|font_style:600%20bold%20regular%3A600%3Anormal&#8221; css=&#8221;.vc_custom_1599854746513{margin-top: -15px !important;}&#8221;][vc_column_text css=&#8221;.vc_custom_1603103563980{margin-top: -15px !important;}&#8221;]<\/p>\n<p style=\"text-align: center;\">Nasze domy postanowili\u015bmy wyposa\u017cy\u0107 dodatkowo w nowoczesn\u0105 alternatyw\u0119 dla tradycyjnego ogrzewania, jak\u0105 jest pompa ciep\u0142a<strong> Panasonic Aquarea 9<\/strong> o mocy 9kW. Uznawana za odnawialne \u017ar\u00f3d\u0142o energii wykazuje si\u0119 niemal zerow\u0105 emisj\u0105 spalin, generuje minimalne koszty ogrzewania, uniezale\u017cnia u\u017cytkownika od waha\u0144 cen surowc\u00f3w energetycznych i przynosi satysfakcj\u0119 z wykorzystywania technologii bezpiecznej dla \u015brodowiska.<\/p>\n<p>[\/vc_column_text][vc_empty_space height=&#8221;10px&#8221; hide_on_mobile=&#8221;&#8221;][vc_custom_heading text=&#8221;Pobierz kart\u0119 techniczn\u0105 &gt;&#8221; font_container=&#8221;tag:div|font_size:13px|text_align:center&#8221; google_fonts=&#8221;font_family:Raleway%3A100%2C200%2C300%2Cregular%2C500%2C600%2C700%2C800%2C900|font_style:600%20bold%20regular%3A600%3Anormal&#8221; link=&#8221;url:%2Fwp-content%2F2020_10_dokumenty%2FEU_8P_AQUAREA.pdf|||&#8221;][\/vc_column][vc_column width=&#8221;1\/4&#8243;][vc_icon icon_fontawesome=&#8221;fas fa-user-shield&#8221; color=&#8221;custom&#8221; align=&#8221;center&#8221; custom_color=&#8221;#ed1c24&#8243;][vc_custom_heading text=&#8221;Bezpiecze\u0144stwo&#8221; font_container=&#8221;tag:p|font_size:25px|text_align:center&#8221; google_fonts=&#8221;font_family:Raleway%3A100%2C200%2C300%2Cregular%2C500%2C600%2C700%2C800%2C900|font_style:600%20bold%20regular%3A600%3Anormal&#8221; css=&#8221;.vc_custom_1599854751192{margin-top: -15px !important;}&#8221;][vc_column_text css=&#8221;.vc_custom_1603103819928{margin-top: -15px !important;}&#8221;]<\/p>\n<p style=\"text-align: center;\">W celu podniesienia bezpiecze\u0144stwa mieszka\u0144c\u00f3w, ka\u017cdy budynek zosta\u0142 przygotowany do pod\u0142\u0105czenia instalacji alarmowej poprzez umiejscowienie okablowania na granicy dzia\u0142ki. Istnieje r\u00f3wnie\u017c mo\u017cliwo\u015b\u0107 zainstalowania bramy i bramki na granicy posesji. W rozszerzonej wersji ochrony budynkowej dost\u0119pnej za dodatkow\u0105 op\u0142at\u0105, proponujemy wersje BMS: standard, extra lub premium.<\/p>\n<p>[\/vc_column_text][\/vc_column][vc_column width=&#8221;1\/4&#8243; css=&#8221;.vc_custom_1599857887471{margin-top: 150px !important;}&#8221;][vc_icon icon_fontawesome=&#8221;fas fa-sliders-h&#8221; color=&#8221;custom&#8221; align=&#8221;center&#8221; custom_color=&#8221;#ed1c24&#8243;][vc_custom_heading text=&#8221;Dostosowanie&#8221; font_container=&#8221;tag:p|font_size:25px|text_align:center&#8221; google_fonts=&#8221;font_family:Raleway%3A100%2C200%2C300%2Cregular%2C500%2C600%2C700%2C800%2C900|font_style:600%20bold%20regular%3A600%3Anormal&#8221; css=&#8221;.vc_custom_1599854756142{margin-top: -15px !important;}&#8221;][vc_column_text css=&#8221;.vc_custom_1599854034359{margin-top: -15px !important;}&#8221;]<\/p>\n<p style=\"text-align: center;\">Przysz\u0142ym mieszka\u0144com umo\u017cliwiamy podj\u0119cie decyzji o rozmieszczeniu wybranych element\u00f3w pomieszcze\u0144, by ka\u017cdy m\u00f3g\u0142 indywidualnie kszta\u0142towa\u0107 swoj\u0105 przestrze\u0144 \u017cyciow\u0105. Dzisiejsze oczekiwania najbardziej wymagaj\u0105cych klient\u00f3w spe\u0142niamy poprzez stosowanie rozwi\u0105za\u0144 projektowych i technologicznych tworz\u0105cych domy jutra.<\/p>\n<p>[\/vc_column_text][\/vc_column][\/vc_row][vc_row css=&#8221;.vc_custom_1600359262113{padding-bottom: 80px !important;}&#8221;][vc_column][vc_single_image image=&#8221;1411&#8243; img_size=&#8221;750&#215;645&#8243; alignment=&#8221;center&#8221;][\/vc_column][\/vc_row][vc_row full_width=&#8221;stretch_row&#8221; gap=&#8221;10&#8243; scheme=&#8221;brown_side&#8221; css=&#8221;.vc_custom_1600359209754{padding-bottom: 70px !important;}&#8221;][vc_column css=&#8221;.vc_custom_1600359019738{margin-top: 80px !important;}&#8221;][vc_custom_heading text=&#8221;ROZSZERZONE WERSJE SYSTEMU BMS&#8221; font_container=&#8221;tag:p|font_size:25px|text_align:center&#8221; google_fonts=&#8221;font_family:Raleway%3A100%2C200%2C300%2Cregular%2C500%2C600%2C700%2C800%2C900|font_style:600%20bold%20regular%3A600%3Anormal&#8221;][\/vc_column][vc_column width=&#8221;1\/3&#8243;][vc_icon icon_fontawesome=&#8221;fas fa-paperclip&#8221; color=&#8221;custom&#8221; align=&#8221;center&#8221; custom_color=&#8221;#ed1c24&#8243;][vc_custom_heading text=&#8221;BMS Standard&#8221; font_container=&#8221;tag:p|font_size:25px|text_align:center&#8221; google_fonts=&#8221;font_family:Raleway%3A100%2C200%2C300%2Cregular%2C500%2C600%2C700%2C800%2C900|font_style:600%20bold%20regular%3A600%3Anormal&#8221; css=&#8221;.vc_custom_1599854633371{margin-top: -15px !important;}&#8221;][vc_column_text css=&#8221;.vc_custom_1599854660569{margin-top: -15px !important;}&#8221;]<\/p>\n<p style=\"text-align: center;\">Sterowanie roletami<br \/>\nSterowanie o\u015bwietleniem w ogrodzie<br \/>\nDost\u0119p z poziomu smartfonu i tabletu<br \/>\nMo\u017cliwo\u015b\u0107 rozbudowy w przysz\u0142o\u015bci (opcjonalnie)<\/p>\n<p>[\/vc_column_text][\/vc_column][vc_column width=&#8221;1\/3&#8243;][vc_icon icon_fontawesome=&#8221;icon-spin2&#8243; color=&#8221;custom&#8221; align=&#8221;center&#8221; custom_color=&#8221;#ed1c24&#8243;][vc_custom_heading text=&#8221;BMS Extra&#8221; font_container=&#8221;tag:p|font_size:25px|text_align:center&#8221; google_fonts=&#8221;font_family:Raleway%3A100%2C200%2C300%2Cregular%2C500%2C600%2C700%2C800%2C900|font_style:600%20bold%20regular%3A600%3Anormal&#8221; css=&#8221;.vc_custom_1599854732473{margin-top: -15px !important;}&#8221;][vc_column_text css=&#8221;.vc_custom_1599854689767{margin-top: -15px !important;}&#8221;]<\/p>\n<p style=\"text-align: center;\">Sterowanie roletami<br \/>\nSterowanie bram\u0105 gara\u017cow\u0105<br \/>\nSterowanie o\u015bwietleniem w ogrodzie<br \/>\nSterowanie o\u015bwietleniem<br \/>\nSterowanie ogrzewaniem<br \/>\nDost\u0119p z poziomu smartfonu i tabletu<br \/>\nMo\u017cliwo\u015b\u0107 rozbudowy w przysz\u0142o\u015bci<\/p>\n<p>[\/vc_column_text][\/vc_column][vc_column width=&#8221;1\/3&#8243;][vc_icon icon_fontawesome=&#8221;fas fa-user-shield&#8221; color=&#8221;custom&#8221; align=&#8221;center&#8221; custom_color=&#8221;#ed1c24&#8243;][vc_custom_heading text=&#8221;BMS Premium&#8221; font_container=&#8221;tag:p|font_size:25px|text_align:center&#8221; google_fonts=&#8221;font_family:Raleway%3A100%2C200%2C300%2Cregular%2C500%2C600%2C700%2C800%2C900|font_style:600%20bold%20regular%3A600%3Anormal&#8221; css=&#8221;.vc_custom_1599854789612{margin-top: -15px !important;}&#8221;][vc_column_text css=&#8221;.vc_custom_1599854825498{margin-top: -15px !important;}&#8221;]<\/p>\n<p style=\"text-align: center;\">Sterowanie roletami<br \/>\nSterowanie bram\u0105 gara\u017cow\u0105<br \/>\nSterowanie bram\u0105 wjazdow\u0105<br \/>\nSterowanie o\u015bwietleniem w ogrodzie<br \/>\nSterowanie o\u015bwietleniem<br \/>\nSterowanie ogrzewaniem<br \/>\nSterowanie podlewaniem w ogrodzie<br \/>\nPanel Steruj\u0105cy &#8211; \u015bcienny<br \/>\nVideofon zintegrowany z systemem<br \/>\nMo\u017cliwo\u015b\u0107 integracji z systemem alarmowym<br \/>\nDost\u0119p z poziomu smartfonu<\/p>\n<p>[\/vc_column_text][\/vc_column][\/vc_row][vc_row full_width=&#8221;stretch_row&#8221; gap=&#8221;10&#8243; scheme=&#8221;brown_light&#8221; css=&#8221;.vc_custom_1600358854133{padding-bottom: 100px !important;}&#8221;][vc_column css=&#8221;.vc_custom_1600282468929{margin-top: 90px !important;}&#8221;][vc_custom_heading text=&#8221;ATUTY INWESTYCJI&#8221; font_container=&#8221;tag:p|font_size:25px|text_align:center&#8221; google_fonts=&#8221;font_family:Raleway%3A100%2C200%2C300%2Cregular%2C500%2C600%2C700%2C800%2C900|font_style:600%20bold%20regular%3A600%3Anormal&#8221;][vc_row_inner][vc_column_inner width=&#8221;1\/5&#8243;][vc_icon icon_fontawesome=&#8221;icon-floor&#8221; color=&#8221;custom&#8221; size=&#8221;lg&#8221; align=&#8221;center&#8221; custom_color=&#8221;#ed1c24&#8243;][vc_custom_heading text=&#8221;DZIA\u0141KA OKO\u0141O 375 m\u00b2&#8221; font_container=&#8221;tag:p|font_size:17px|text_align:center&#8221; google_fonts=&#8221;font_family:Raleway%3A100%2C200%2C300%2Cregular%2C500%2C600%2C700%2C800%2C900|font_style:700%20bold%20regular%3A700%3Anormal&#8221; css=&#8221;.vc_custom_1603106327989{margin-top: -15px !important;}&#8221;][\/vc_column_inner][vc_column_inner width=&#8221;1\/5&#8243;][vc_icon icon_fontawesome=&#8221;icon-home-2&#8243; color=&#8221;custom&#8221; size=&#8221;lg&#8221; align=&#8221;center&#8221; custom_color=&#8221;#ed1c24&#8243;][vc_custom_heading text=&#8221;INDYWIDUALNA PRZESTRZE\u0143&#8221; font_container=&#8221;tag:p|font_size:17px|text_align:center&#8221; google_fonts=&#8221;font_family:Raleway%3A100%2C200%2C300%2Cregular%2C500%2C600%2C700%2C800%2C900|font_style:700%20bold%20regular%3A700%3Anormal&#8221; css=&#8221;.vc_custom_1600282082024{margin-top: -15px !important;}&#8221;][\/vc_column_inner][vc_column_inner width=&#8221;1\/5&#8243;][vc_icon icon_fontawesome=&#8221;icon-spin2&#8243; color=&#8221;custom&#8221; size=&#8221;lg&#8221; align=&#8221;center&#8221; custom_color=&#8221;#ed1c24&#8243;][vc_custom_heading text=&#8221;POMPA CIEP\u0141A&#8221; font_container=&#8221;tag:p|font_size:17px|text_align:center&#8221; google_fonts=&#8221;font_family:Raleway%3A100%2C200%2C300%2Cregular%2C500%2C600%2C700%2C800%2C900|font_style:700%20bold%20regular%3A700%3Anormal&#8221; css=&#8221;.vc_custom_1600282221818{margin-top: -15px !important;}&#8221;][\/vc_column_inner][vc_column_inner width=&#8221;1\/5&#8243;][vc_icon icon_fontawesome=&#8221;icon-parking&#8221; color=&#8221;custom&#8221; size=&#8221;lg&#8221; align=&#8221;center&#8221; custom_color=&#8221;#ed1c24&#8243;][vc_custom_heading text=&#8221;PRZESTRONNY GARA\u017b&#8221; font_container=&#8221;tag:p|font_size:17px|text_align:center&#8221; google_fonts=&#8221;font_family:Raleway%3A100%2C200%2C300%2Cregular%2C500%2C600%2C700%2C800%2C900|font_style:700%20bold%20regular%3A700%3Anormal&#8221; css=&#8221;.vc_custom_1600282255690{margin-top: -15px !important;}&#8221;][\/vc_column_inner][vc_column_inner width=&#8221;1\/5&#8243;][vc_icon icon_fontawesome=&#8221;icon-modem&#8221; color=&#8221;custom&#8221; size=&#8221;lg&#8221; align=&#8221;center&#8221; custom_color=&#8221;#ed1c24&#8243;][vc_custom_heading text=&#8221;SYSTEM BMS&#8221; font_container=&#8221;tag:p|font_size:17px|text_align:center&#8221; google_fonts=&#8221;font_family:Raleway%3A100%2C200%2C300%2Cregular%2C500%2C600%2C700%2C800%2C900|font_style:700%20bold%20regular%3A700%3Anormal&#8221; css=&#8221;.vc_custom_1600282280759{margin-top: -15px !important;}&#8221;][\/vc_column_inner][\/vc_row_inner][\/vc_column][\/vc_row][vc_row full_width=&#8221;stretch_row&#8221; parallax=&#8221;content-moving&#8221; css=&#8221;.vc_custom_1599857748996{padding-top: 300px !important;padding-bottom: 300px !important;background-image: url(https:\/\/slonecznepoludnie.pl\/wp-content\/uploads\/2020\/09\/Osiedle_ujecie-2_czerwona-cegla_1300px.jpg?id=1179) !important;}&#8221;][vc_column][\/vc_column][\/vc_row]<\/p>\n","protected":false},"excerpt":{"rendered":"<p>[vc_row][vc_column][vc_empty_space height=&#8221;&#8221; alter_height=&#8221;large&#8221; hide_on_mobile=&#8221;&#8221;][vc_empty_space height=&#8221;&#8221; alter_height=&#8221;large&#8221; hide_on_mobile=&#8221;&#8221;][\/vc_column][\/vc_row][vc_row gap=&#8221;20&#8243;][vc_column width=&#8221;1\/4&#8243; css=&#8221;.vc_custom_1599857879945{margin-top: 150px !important;}&#8221;][vc_icon icon_fontawesome=&#8221;icon-star&#8221; color=&#8221;custom&#8221; align=&#8221;center&#8221; custom_color=&#8221;#ed1c24&#8243;][vc_custom_heading text=&#8221;Standard&#8221; font_container=&#8221;tag:p|font_size:25px|text_align:center&#8221; google_fonts=&#8221;font_family:Raleway%3A100%2C200%2C300%2Cregular%2C500%2C600%2C700%2C800%2C900|font_style:600%20bold%20regular%3A600%3Anormal&#8221; css=&#8221;.vc_custom_1599853988776{margin-top: -15px !important;}&#8221;][vc_column_text css=&#8221;.vc_custom_1603103513637{margin-top: -15px !important;}&#8221;] W standardowej ofercie gwarantujemy dost\u0119p do systemu domu inteligentnego BMS (Building Management System), jak r\u00f3wnie\u017c mo\u017cliwo\u015b\u0107 indywidualnego dostosowania go do potrzeb Klienta. Budynki podzielone s\u0105 r\u00f3wno na 4\u00a0segmenty,\u00a0ka\u017cdy po oko\u0142o 170 m\u00b2 \u0142\u0105cznej\u00a0powierzchni z gara\u017cem&hellip;<\/p>\n","protected":false},"author":1,"featured_media":0,"parent":0,"menu_order":0,"comment_status":"closed","ping_status":"closed","template":"","meta":[],"_links":{"self":[{"href":"https:\/\/slonecznepoludnie.pl\/index.php?rest_route=\/wp\/v2\/pages\/266"}],"collection":[{"href":"https:\/\/slonecznepoludnie.pl\/index.php?rest_route=\/wp\/v2\/pages"}],"about":[{"href":"https:\/\/slonecznepoludnie.pl\/index.php?rest_route=\/wp\/v2\/types\/page"}],"author":[{"embeddable":true,"href":"https:\/\/slonecznepoludnie.pl\/index.php?rest_route=\/wp\/v2\/users\/1"}],"replies":[{"embeddable":true,"href":"https:\/\/slonecznepoludnie.pl\/index.php?rest_route=%2Fwp%2Fv2%2Fcomments&post=266"}],"version-history":[{"count":27,"href":"https:\/\/slonecznepoludnie.pl\/index.php?rest_route=\/wp\/v2\/pages\/266\/revisions"}],"predecessor-version":[{"id":1476,"href":"https:\/\/slonecznepoludnie.pl\/index.php?rest_route=\/wp\/v2\/pages\/266\/revisions\/1476"}],"wp:attachment":[{"href":"https:\/\/slonecznepoludnie.pl\/index.php?rest_route=%2Fwp%2Fv2%2Fmedia&parent=266"}],"curies":[{"name":"wp","href":"https:\/\/api.w.org\/{rel}","templated":true}]}}